
5
Let p = 1 + 1. Suppose -354 - 78 = -p*s. List the prime factors of s/22 - (-4)/22.
2, 5
Suppose -5*g = -2*g + 3. What are the prime factors of 3 + g - (-10 + 0)?
2, 3
Suppose 5*h + 440 = 3*r, -387 - 169 = -4*r - h. Suppose 5*k = -25 + r. List the prime factors of k.
23
Let d(w) = -w**3 - 11*w**2 - 12*w - 15. Let c be d(-10). What are the prime factors of (12/c)/(12/30)?
2, 3
Let l = 96 + -58. What are the prime factors of l?
2, 19
Suppose 4*r = 3*h + 316, 0*h - 212 = 2*h - 3*r. What are the prime factors of h/(-6) - 4/(-12)?
17
Suppose -4*f = 5*j - 160, 4*j - 265 + 74 = -5*f. What are the prime factors of f?
5, 7
Let q be (-6 + 3)*-1*3. Suppose -3*h + q + 62 = 2*u, 0 = -u - h + 33. Let c = -14 + u. List the prime factors of c.
2, 7
Suppose -2*y - 4*w - 4 = 0, -4*y = w + 2*w - 7. List the prime factors of y.
2
Let v(l) be the second derivative of l**4/6 + 5*l**3/6 + 2*l**2 - 7*l. Let d(x) = -3*x**2 + x + 1. Let f be d(-1). List the prime factors of v(f).
7
Let t(h) = -h**3 + 2*h + 1. Let c be t(-2). List the prime factors of (-276)/(-20) + 1/c.
2, 7
Let x be (-27)/3*5/15. What are the prime factors of 1/(-3)*x*13?
13
Let i(p) be the second derivative of -p**3/6 + 5*p**2/2 - p. What are the prime factors of i(0)?
5
Suppose 4*f = c + 16, f = c - 3*c - 5. Suppose -g - 6 = -2*w, 2*w + 3*w - 37 = -f*g. Suppose w*v = 30 + 55. What are the prime factors of v?
17
Let l(c) = c - 4*c + 0*c - 3*c + 2*c**2. Let z be ((-1 - -3) + -1)*4. What are the prime factors of l(z)?
2
Let d(n) be the third derivative of -n**6/120 - 3*n**5/20 + n**4/24 + 13*n**3/6 + 6*n**2. List the prime factors of d(-9).
2
Suppose 0 = -5*p - 259 - 331. Let v = 167 + p. List the prime factors of v.
7
Suppose 0 = -0*z + z - 17. Let p = -30 + z. Let q = p + 29. List the prime factors of q.
2
Suppose 0 = -i - 2*z + 53, -4*i - 107 = 4*z - 335. List the prime factors of i.
61
Suppose -z = -2*j + 9, -2*z - 6 = -j - j. Let g(m) = -m**3 + 6*m**2 + 3*m + 8. List the prime factors of g(j).
2, 13
What are the prime factors of (779/19)/(1/6)?
2, 3, 41
Suppose i - 6 = -17. Let x = 4 - i. Let z = x - -5. What are the prime factors of z?
2, 5
Let r = 9 - 21. List the prime factors of ((-28)/8)/(2/r).
3, 7
Let s(b) = b**2 - 5*b. Let p be s(5). Let d be 6 + p + 5 + -5. Let v = 1 + d. List the prime factors of v.
7
Let v = -45 + 49. List the prime factors of v.
2
Let a(m) = -79*m**3 + 5*m + 4. What are the prime factors of a(-1)?
2, 3, 13
Suppose -h + 6 - 10 = 0. Let z = 14 - h. List the prime factors of z.
2, 3
List the prime factors of 1 - (1 + 0 + -3).
3
Suppose -2*c - 18 = k, 4*c = 3*k - 0*c + 34. What are the prime factors of (k/(-3))/((-2)/(-9))?
3, 7
List the prime factors of 69*(-1)/(12/(-4)).
23
What are the prime factors of (3 + 1)/(-2) + 75?
73
Let g(h) = 2*h**3 - 3*h + 4. Let s be g(3). Suppose -5*y - 4 = -s. What are the prime factors of y?
3
List the prime factors of (-2)/(-7) - 257/(-7).
37
Let h be (-1)/(-2)*8 + -2. Suppose -h*s + 1 = -5*l, -s - l = -5*l - 2. Let n = s + 12. List the prime factors of n.
2, 5
Let l = 33 + -6. List the prime factors of l.
3
Suppose s = k + 29, -2*k + 189 = 5*s + 79. List the prime factors of s.
2, 3
Suppose -2*d = -0*m + 2*m - 130, 0 = -d + 5*m + 53. What are the prime factors of d?
3, 7
Suppose d - 1 - 2 = 0. Suppose -8*s + d*s + 10 = 0. Let z = 2 + s. List the prime factors of z.
2
Let f(p) = 4*p**2 + 31*p - 6. What are the prime factors of f(-10)?
2, 3, 7
Let l = 2 - 0. Let g(k) = 3*k**2 - k + 1. Let b be g(1). Suppose 4*o + 4*t - 12 = 0, -3*t = b*o + l*o - 19. List the prime factors of o.
5
What are the prime factors of ((-6774)/(-8))/3 + 4/(-16)?
2, 3, 47
Suppose 2*z = -4*h - 2*z, 0 = -5*h - 4*z + 3. Suppose -2*o = -o - h*p - 8, 5*p = -5. What are the prime factors of o?
5
Let d(w) = 2*w**2 + 2*w + 4. Let o be d(-3). Let n = o - 8. Suppose 5*g - n = g. What are the prime factors of g?
2
Let b(d) = -2*d - 2. Suppose 4*n = 2*f - 10, 4*n + 3*f + 13 = 2*f. Let h be b(n). Suppose 3*l + 2 + 10 = 0, 2*u = -h*l + 8. List the prime factors of u.
2, 3
Let a(v) = v**3 + v**2 - v + 60. Let j be a(0). List the prime factors of (18/(-5))/((-9)/j).
2, 3
Let g be 3/(((-54)/(-56))/9). Suppose 0 = -5*z + 6*z - g. What are the prime factors of z?
2, 7
Let b be -6*-3*(-2)/(-4). Suppose -1 + b = -2*z, -3*c = -3*z + 36. What are the prime factors of 1 - 3 - (-1 + c)?
3, 5
Let c = -47 - -103. List the prime factors of c.
2, 7
Suppose q + 95 - 1826 = -5*m, 1 = q. List the prime factors of m.
2, 173
Suppose i - 52 = -i. List the prime factors of i.
2, 13
Let l = 161 + -92. Suppose l = 4*w + 5*k, w + k = 2*w - 15. List the prime factors of w.
2
Let c be 2/(2 + (-32)/18). Suppose 25 = 2*u + c. What are the prime factors of u?
2
Let s(o) = o + 23. What are the prime factors of s(17)?
2, 5
Suppose 2*m - 15 = -265. Let z = m - -83. List the prime factors of z/(-2)*(-4)/(-6).
2, 7
Let n = 6 - 1. Suppose 2*j = -4*y + 6*j + 36, -n*y + 43 = -4*j. List the prime factors of y.
7
Let w = -59 - -86. Let j be (-1)/(1 + 3/(-2)). Suppose -w = -j*q - 9. List the prime factors of q.
3
Let p(q) = -3*q + 2. Let d = 2 - -1. Suppose -n - 8 = d*n. What are the prime factors of p(n)?
2
Suppose -3*k - 21 - 12 = 0. Let r = k + 42. What are the prime factors of r?
31
What are the prime factors of 1160/56 + 4/(-14)*-1?
3, 7
Let p = 205 + -7. What are the prime factors of p?
2, 3, 11
Let b(j) = j**2 - 3*j - 19. What are the prime factors of b(-8)?
3, 23
Suppose 70*m - 77*m + 2387 = 0. What are the prime factors of m?
11, 31
Suppose 4*z - 5*z + w - 21 = 0, 90 = -4*z + w. Let i = -14 - z. What are the prime factors of i?
3
Suppose -5*r = -y + 8, -5*r + 5 = -r + 3*y. Let k = 0 - r. Let v = k - -5. What are the prime factors of v?
2, 3
Let s(i) = 0*i - 2*i**3 - 3*i**3 - 2*i + 6*i**3. Let z be s(2). Suppose -4*m - z = -48. List the prime factors of m.
11
Let h be 172/36 - 4/(-18). Let o = -12 + 20. Let g = o - h. What are the prime factors of g?
3
Suppose 0 = q + 3, r - 2*q = 4*r + 57. Let n = 12 + r. Let f(s) = -s - 2. What are the prime factors of f(n)?
3
Let a(k) = -k**2 - 2*k + 34. Let y be 0*1*4/(-8). What are the prime factors of a(y)?
2, 17
Let q(l) = l + 18. Let h be q(-10). Let y = 13 - h. List the prime factors of y.
5
Let f(k) = -k**2 - 5*k + 5. Let x = -14 - -9. Let m be f(x). Suppose -m*y + 22 = 4*a, 4 = 3*y + a - 5. List the prime factors of y.
2
Let d(k) be the second derivative of -k**5/20 - k**4/4 - k**3/3 - k**2/2 + k. Suppose c = -0*c - 3. List the prime factors of d(c).
5
Let u(o) be the first derivative of o**3 - 2*o**2 + 3*o - 14. Let v be ((-2)/5)/(1/(-5)). List the prime factors of u(v).
7
What are the prime factors of (-1048)/(-52) - (-8)/(-52)?
2, 5
Suppose 0 = 4*f - f + 36. What are the prime factors of ((-4)/f)/(1/129)?
43
Suppose 2*y = -4*t + 100, 4*t + 143 = -5*y + 411. Let i = 105 - y. List the prime factors of i.
7
Let z = 1 + 4. Suppose 13 + 17 = z*t. List the prime factors of t.
2, 3
Let u = 69 + -39. What are the prime factors of u?
2, 3, 5
Suppose -5 = -2*t + 3, -y = 5*t - 21. Let b = y - -6. Suppose -3*l - 48 = -b*l. List the prime factors of l.
2, 3
Let j(h) = 2*h + 27. List the prime factors of j(0).
3
Let d = -17 + 51. List the prime factors of d.
2, 17
List the prime factors of (-5 - -4)*48/(-2).
2, 3
Suppose -4*o = -3*a + 4*a - 110, -2*o + 5*a = -44. List the prime factors of o.
3
Let s = 211 - 110. What are the prime factors of s?
101
Suppose 6 + 10 = 4*p. Let z be 2/4 + (-18)/p. List the prime factors of 0/z - 2*-1.
2
Suppose 2344 = -5*n - 776. List the prime factors of n/(-21) + 2/7.
2, 3, 5
Suppose 0 = -0*v + 3*v + 81. Let q = -18 - v. List the prime factors of q.
3
Let x(o) = 2*o**3 + o**2 - o. Let c be x(1). Let f(m) = 3*m + 4. Let j be f(0). Let g = j - c. What are the prime factors of g?
2
What are the prime factors of -3 - -38 - (2 + 0)?
3, 11
List the prime factors of (-178)/4*(-16 - -14).
89
Suppose 9*p = 8*p + 4. What are the prime factors of p?
2
Suppose m - 68 = z, -3*m - 3*z + 56 = -118. What are the prime factors of m?
3, 7
Let t = 2 - -3. Suppose w + t*s = 39, -s = w + 2*s - 35. Let j = -19 + w. List the prime factors of j.
2, 5
Suppose -3*x + 117 = 5*n, 0*n = 5*x - 4*n - 158. List the prime factors of x.
2, 17
Suppose 2*w + 2 = w. Let f = w 